{"id":8,"date":"2019-12-21T02:09:43","date_gmt":"2019-12-21T00:09:43","guid":{"rendered":"http:\/\/testi.koiratuotteet.fi\/?page_id=8"},"modified":"2019-12-21T02:09:43","modified_gmt":"2019-12-21T00:09:43","slug":"etusivu","status":"publish","type":"page","link":"https:\/\/www.ranvel.fi\/","title":{"rendered":"ETUSIVU"},"content":{"rendered":"<h3>Tervetuloa kotisivuillemme!<\/h3>\n<p><strong>Ranvel Oy<\/strong> on vuonna 2009 perustettu, tietotekniikkaan ja turvallisuustuotteisiin keskittynyt yritys. Kehit\u00e4mme jatkuvasti valikoimaamme asiakkaidemme tarpeiden ja toiveiden mukaan. Toimipaikkamme sijaitsee Alavudella mutta toimitamme palveluitamme my\u00f6s laajemmalle alueelle.<\/p>\n<p>&nbsp;<\/p>\n<p><strong>Meilt\u00e4 l\u00f6ytyv\u00e4t esimerkiksi seuraavat palvelut:<\/strong><\/p>\n<p><em><strong>Web-palvelut<\/strong><\/em><\/p>\n<ul>\n<li>Internet sivujen suunnittelu, valmistus ja yll\u00e4pito<\/li>\n<li>palvelintilan vuokraaminen<\/li>\n<li>verkkotunnusten hankkiminen ja yll\u00e4pito<\/li>\n<\/ul>\n<p><em><strong>Tietotekniset palvelut<\/strong><\/em><\/p>\n<ul>\n<li>uusien ja k\u00e4ytettyjen tietokoneiden myynti, asennus sek\u00e4 huolto<\/li>\n<li>tietokoneiden rakentaminen asiakkaan toiveiden mukaan<\/li>\n<li>tietokoneiden lis\u00e4tarvikkeiden myynti ja asennus<\/li>\n<li>mikrotuki sek\u00e4 neuvontapalvelut tietoteknisiss\u00e4 asioissa (digi-tuki)<\/li>\n<\/ul>\n<p><em><strong>Myynti<\/strong><\/em><\/p>\n<ul>\n<li>tietokoneet, lis\u00e4laitteet, ohjelmistot ja tarvikkeet<\/li>\n<li>kannettavien tietokoneiden akut<\/li>\n<li>valvontakamerat<\/li>\n<li>murtoh\u00e4lytyslaitteet<\/li>\n<\/ul>\n<p><em><strong>Vuokrauspalvelut<\/strong><\/em><\/p>\n<ul>\n<li>otsonointilaite<\/li>\n<li>tekstiilipesuri<\/li>\n<li>juhlateltta<\/li>\n<li>betonimylly<\/li>\n<li>tietokone<\/li>\n<li>videotykki ja kangas<\/li>\n<li>kuomulla varustettu per\u00e4k\u00e4rry<\/li>\n<li>liikuteltava j\u00e4\u00e4hdytyslaite<\/li>\n<li>nokkak\u00e4rry<\/li>\n<li>aggregaatti<\/li>\n<\/ul>\n<p><em><strong>Muut palvelut<\/strong><\/em><\/p>\n<ul>\n<li>VHS-videokasettien siirto DVD:lle<\/li>\n<li>C-kasettien siirto CD:lle<\/li>\n<li>ilmakuvaus kuvauskopterilla<\/li>\n<\/ul>\n","protected":false},"excerpt":{"rendered":"<p>Tervetuloa kotisivuillemme! Ranvel Oy on vuonna 2009 perustettu, tietotekniikkaan ja turvallisuustuotteisiin keskittynyt yritys. Kehit\u00e4mme jatkuvasti valikoimaamme asiakkaidemme tarpeiden ja toiveiden mukaan. Toimipaikkamme sijaitsee Alavudella mutta toimitamme palveluitamme my\u00f6s laajemmalle alueelle. &nbsp; Meilt\u00e4 l\u00f6ytyv\u00e4t esimerkiksi seuraavat palvelut: Web-palvelut Internet sivujen suunnittelu, valmistus ja yll\u00e4pito palvelintilan vuokraaminen verkkotunnusten hankkiminen ja yll\u00e4pito Tietotekniset palvelut uusien ja k\u00e4ytettyjen tietokoneiden &hellip; <a href=\"https:\/\/www.ranvel.fi\/\" class=\"more-link\">Jatka artikkeliin <span class=\"screen-reader-text\">ETUSIVU<\/span><\/a><\/p>\n","protected":false},"author":1,"featured_media":0,"parent":0,"menu_order":0,"comment_status":"closed","ping_status":"closed","template":"","meta":{"footnotes":""},"class_list":["post-8","page","type-page","status-publish","hentry"],"_links":{"self":[{"href":"https:\/\/www.ranvel.fi\/index.php?rest_route=\/wp\/v2\/pages\/8","targetHints":{"allow":["GET"]}}],"collection":[{"href":"https:\/\/www.ranvel.fi\/index.php?rest_route=\/wp\/v2\/pages"}],"about":[{"href":"https:\/\/www.ranvel.fi\/index.php?rest_route=\/wp\/v2\/types\/page"}],"author":[{"embeddable":true,"href":"https:\/\/www.ranvel.fi\/index.php?rest_route=\/wp\/v2\/users\/1"}],"replies":[{"embeddable":true,"href":"https:\/\/www.ranvel.fi\/index.php?rest_route=%2Fwp%2Fv2%2Fcomments&post=8"}],"version-history":[{"count":1,"href":"https:\/\/www.ranvel.fi\/index.php?rest_route=\/wp\/v2\/pages\/8\/revisions"}],"predecessor-version":[{"id":9,"href":"https:\/\/www.ranvel.fi\/index.php?rest_route=\/wp\/v2\/pages\/8\/revisions\/9"}],"wp:attachment":[{"href":"https:\/\/www.ranvel.fi\/index.php?rest_route=%2Fwp%2Fv2%2Fmedia&parent=8"}],"curies":[{"name":"wp","href":"https:\/\/api.w.org\/{rel}","templated":true}]}}