{"id":12,"date":"2019-12-21T02:10:15","date_gmt":"2019-12-21T00:10:15","guid":{"rendered":"http:\/\/testi.koiratuotteet.fi\/?page_id=12"},"modified":"2019-12-21T02:10:15","modified_gmt":"2019-12-21T00:10:15","slug":"tietokonehuolto","status":"publish","type":"page","link":"https:\/\/www.ranvel.fi\/?page_id=12","title":{"rendered":"TIETOKONEHUOLTO"},"content":{"rendered":"<p>Suoritamme tietokoneiden ja ohjelmistojen asennusta, huoltoa ja korjausta kotitalouksille, yrityksille ja yhteis\u00f6ille ammattitaidolla ja 100% luottamuksella.<\/p>\n<p>Meilt\u00e4 saat esimerkiksi seuraavat huoltopalvelut:<\/p>\n<ul>\n<li>Tietokonehuolto, korjaus tai asennus (kannettava tai p\u00f6yt\u00e4kone)<\/li>\n<li>Autamme tietokoneen hankinnassa eri vaihtoehtojen v\u00e4lill\u00e4<\/li>\n<li>Uuden tietokoneen k\u00e4ytt\u00f6\u00f6notto<\/li>\n<li>Tietokoneen <a href=\"http:\/\/www.ranvel.fi\/?page_id=107\">kausihuolto<\/a><\/li>\n<li>Erikseen sopimalla tietokoneen noutopalvelu huoltoa varten<\/li>\n<li>K\u00e4ytt\u00f6j\u00e4rjestelmien asennukset<\/li>\n<li>P\u00f6yt\u00e4tietokoneen kokoaminen osista<\/li>\n<li>Kustannusarvio vakuutusyhti\u00f6lle tietokoneen rikkoutuessa<\/li>\n<li>Microsoft Office 365 asennukset<\/li>\n<li>Haittaohjelmien poistot ja virustorjunta-ohjelmistot<\/li>\n<li>Turhien tiedostojen poisto ja rekisterin puhdistus (Windows)<\/li>\n<li>Tiedostojen palautus kovalevylt\u00e4 (esim. osittain viallinen levy)<\/li>\n<li>Windows ja Linux ohjelmien asennukset ja p\u00e4ivitykset<\/li>\n<li>Oheislaitteiden asennukset ja konfiguroinnit (esim. tulostimet)<\/li>\n<li>L\u00e4hiverkon asennus ja konfigurointi<\/li>\n<li>K\u00e4ytt\u00f6opastukset tietokoneen ja ohjelmien k\u00e4ytt\u00f6\u00f6n<\/li>\n<li>Varmistukset tietokoneesta ulkoiselle medialle tai pilvipalveluun<\/li>\n<\/ul>\n","protected":false},"excerpt":{"rendered":"<p>Suoritamme tietokoneiden ja ohjelmistojen asennusta, huoltoa ja korjausta kotitalouksille, yrityksille ja yhteis\u00f6ille ammattitaidolla ja 100% luottamuksella. Meilt\u00e4 saat esimerkiksi seuraavat huoltopalvelut: Tietokonehuolto, korjaus tai asennus (kannettava tai p\u00f6yt\u00e4kone) Autamme tietokoneen hankinnassa eri vaihtoehtojen v\u00e4lill\u00e4 Uuden tietokoneen k\u00e4ytt\u00f6\u00f6notto Tietokoneen kausihuolto Erikseen sopimalla tietokoneen noutopalvelu huoltoa varten K\u00e4ytt\u00f6j\u00e4rjestelmien asennukset P\u00f6yt\u00e4tietokoneen kokoaminen osista Kustannusarvio vakuutusyhti\u00f6lle tietokoneen rikkoutuessa Microsoft &hellip; <a href=\"https:\/\/www.ranvel.fi\/?page_id=12\" class=\"more-link\">Jatka artikkeliin <span class=\"screen-reader-text\">TIETOKONEHUOLTO<\/span><\/a><\/p>\n","protected":false},"author":1,"featured_media":0,"parent":0,"menu_order":0,"comment_status":"closed","ping_status":"closed","template":"","meta":{"footnotes":""},"class_list":["post-12","page","type-page","status-publish","hentry"],"_links":{"self":[{"href":"https:\/\/www.ranvel.fi\/index.php?rest_route=\/wp\/v2\/pages\/12","targetHints":{"allow":["GET"]}}],"collection":[{"href":"https:\/\/www.ranvel.fi\/index.php?rest_route=\/wp\/v2\/pages"}],"about":[{"href":"https:\/\/www.ranvel.fi\/index.php?rest_route=\/wp\/v2\/types\/page"}],"author":[{"embeddable":true,"href":"https:\/\/www.ranvel.fi\/index.php?rest_route=\/wp\/v2\/users\/1"}],"replies":[{"embeddable":true,"href":"https:\/\/www.ranvel.fi\/index.php?rest_route=%2Fwp%2Fv2%2Fcomments&post=12"}],"version-history":[{"count":1,"href":"https:\/\/www.ranvel.fi\/index.php?rest_route=\/wp\/v2\/pages\/12\/revisions"}],"predecessor-version":[{"id":13,"href":"https:\/\/www.ranvel.fi\/index.php?rest_route=\/wp\/v2\/pages\/12\/revisions\/13"}],"wp:attachment":[{"href":"https:\/\/www.ranvel.fi\/index.php?rest_route=%2Fwp%2Fv2%2Fmedia&parent=12"}],"curies":[{"name":"wp","href":"https:\/\/api.w.org\/{rel}","templated":true}]}}